rmine a(s).
4
Let r(l) be the second derivative of -4*l + 1/12*l**4 + 0 + 5/6*l**3 - 2*l**2. Let a = -9 + 4. Give r(a).
-4
Let q(n) be the first derivative of n**4/4 - 7*n**3/3 + n**2 - 9*n - 546. Let v be (1 + (-3)/2)*-14. Give q(v).
5
Let s = -53 - -55. Let o(d) = 4*d + d**s - 12*d + 0 - 2 + 10. Let i(p) = 6*p**2 - p - 1. Let u be i(-1). Determine o(u).
-4
Let y(k) = -49 + 34 - k + 12. Calculate y(-2).
-1
Let d(j) = -9*j**2 + 4*j + 6. Let a(g) = 11*g**2 - 6*g - 6. Let y(l) = -5*a(l) - 6*d(l). Determine y(4).
2
Let w = -549 - -554. Let p(v) = 4*v - 18. Determine p(w).
2
Let b(f) = -f**3 + 3*f**2 + 3*f - 4. Let q(s) = -3*s**2 - 11*s + 1. Let o(u) = 2*u**2 + 5*u. Let z(l) = -5*o(l) - 3*q(l). Let v be z(7). Calculate b(v).
-8
Let n(j) = 2*j - 3. Let v(t) = -1. Let k(y) = n(y) - 2*v(y). Let m be k(-4). Let b be 0*(m/6 - -1). Let q(i) = i + 6. What is q(b)?
6
Let k be 9*32/48 + (-8)/1. Let h(v) = -6*v**2 + 8. What is h(k)?
-16
Let p be 7 - (1 + 0 + 0). Suppose 19*l = 16*l + 6. Let w(s) = 63*s - s**l + 55*s - 5 - 113*s. What is w(p)?
-11
Let f(t) = -10*t**2 + 3*t - 2. Let u be -2 + -2*(-3)/6 - -3. Determine f(u).
-36
Let j(f) be the third derivative of f**4/12 - 5*f**3/3 - 44*f**2 + 2*f. What is j(7)?
4
Let a(o) = -2*o**3 - 5*o**2 - 2*o + 4. Let d(g) = -g**3 - g**2 - g + 1. Let m(r) = a(r) - d(r). What is m(-4)?
7
Let f(j) be the first derivative of j**4/4 - 2*j**3 - 9*j**2/2 + 8*j - 172. Calculate f(7).
-6
Let v(a) = 7*a**3 - 17*a**2 + 3*a + 16. Let s(g) = 6*g**3 - 13*g**2 + 4*g + 15. Let x(h) = 6*s(h) - 5*v(h). Give x(-6).
-8
Suppose 11*s + 9*s + 80 = 0. Let r(a) = -a**2 - a. Give r(s).
-12
Let u(g) = 5*g**2 - 5*g + 1. Let z(o) = -9*o**2 + 10*o - 3. Let t(p) = 11*u(p) + 6*z(p). Let m = -9 - -16. Suppose 20 = -m*x + 3*x. Give t(x).
-7
Let r be (5 + -12)*(-72)/21. Suppose -7*q + r = -3*q. Let j be (-60)/8 + 9/q. Let y(m) = m**3 + 7*m**2 + 5*m + 7. Calculate y(j).
13
Let h(g) = -g**3 + g**2 + 3. Let c(y) = y + 5. Suppose -3*x + 2*z + 47 = 0, -5*x + 2*z = -2*z - 79. Suppose 6*o = 3*o - x. Let l be c(o). Determine h(l).
3
Let t(r) be the third derivative of -5*r**4/24 + 49*r**3/6 + 152*r**2. Calculate t(11).
-6
Let j(l) = -8*l + 104. Let z be j(13). Let a(b) = -b**2 + 8. Calculate a(z).
8
Let c(s) = 7*s**2 - 6. Let q(u) = u**2 - 1. Let z(t) = c(t) - 6*q(t). Let x be 3/(-12) + (-9)/(-4). Suppose -l - 7 = -x*r, l - 8 = -0*r - r. What is z(l)?
9
Let s(o) = -2 - 2*o**3 - 20*o**2 + 11*o**2 + 3*o**3 + 9*o. Calculate s(8).
6
Suppose 0 = 2*j - 5*j - 6. Let r(i) = -13*i + 10. Suppose 0 = 6*c + 2*c - 32. Let m(q) = -4*q + 3. Let b(u) = c*r(u) - 14*m(u). What is b(j)?
-10
Let a(i) = 2*i + 1. Suppose 4*r + 0*v + 16 = -5*v, 0 = r + 2*v + 4. What is a(r)?
-7
Suppose -4 = 9*r - 10*r. Let b(x) = x + 1. Let s(n) = -n + 14. Let t(i) = -6*b(i) + s(i). Let p(d) = 4*d - 4. Let v(z) = -5*p(z) - 3*t(z). What is v(r)?
0
Let r be 130/(-8) - (-1)/4. Let j = 10 + r. Let k be (0 - -1)*(7 + j). Let d(u) = -6*u**3 - u**2 + 2*u - 1. Determine d(k).
-6
Let z(j) = j**3 - 7*j**2 + 2*j - 2. Let i = -47 + 51. Suppose -3*x - 3*y = -21, -x - i*x = 2*y - 35. Determine z(x).
12
Let i = 1 - 2. Suppose 0 = 23*d - 27*d + 8. Let b(k) = 10*k + 15*k - 24*k + 1 - 6*k**d. Determine b(i).
-6
Let j = 75 + -47. Let q(z) = -7*z**2 + 5*z**3 - 3 - 4*z**3 - 20*z + j*z. Calculate q(5).
-13
Let j(i) = -i**3 + 7*i**2 + 9*i - 2. Suppose 16 + 28 = 2*z. Suppose 4*s + z = 2*g, -4*s + 11 = -1. Suppose -2*f - r = f - 29, -g = f - 5*r. What is j(f)?
6
Suppose 3 = 4*q + 11. Let i be (q/3)/(4/132). Let k = i + 23. Let b(h) = 11*h**3 - h**2 + 2*h - 1. Give b(k).
11
Let m(x) = -1316*x**2 - 2*x + 1317*x**2 + 2*x + 14. Let r = 24 + -24. Determine m(r).
14
Suppose 12 = g - 3*g. Suppose 0 = -4*p - 8, 2*l - 17 = 4*p + 7. Let b(a) = 5 + l*a + 24*a**3 - 23*a**3 + 7*a**2 + 1. What is b(g)?
-6
Let u(n) = -2 + 4*n - 4*n**2 - 2*n + 3*n**2 + 9. Suppose 7*k - 4*k - 19 = 4*i, 2*i = 5*k - 27. Give u(k).
-8
Let o(d) = 2*d**2 + d**3 + 9641*d - 3217*d - 3214*d - 3210*d. Let c(t) be the third derivative of t**4/24 + t**3/3 + 2*t**2. Let y be c(-4). Calculate o(y).
0
Suppose 2*r + 3 = -b, 12*b - 7*b + 15 = -3*r. Let l(j) = -j + 11. Give l(r).
11
Let w(l) = -2*l - 6. Let g(i) = 13*i + 34. Let m(p) = g(p) + 6*w(p). Suppose f - 17 = -4*z, -2*f = -z - 0 + 2. What is m(z)?
2
Let a(z) = 4*z**2 - 7*z - 5. Let w be ((-4)/(-6))/(((-8)/3)/(-4)). Let o(g) = g**2. Let l(r) = w*a(r) - 3*o(r). Calculate l(7).
-5
Let o(h) be the second derivative of 2*h**3/3 - h**2 + 519*h. Suppose -5*k = 4*x + 20, -5*x + 2 = -k - 2. Determine o(k).
-18
Let r(a) be the first derivative of a**4/4 - a**3/3 - 5*a**2/2 - 3*a + 114. Calculate r(3).
0
Suppose 0 = 21*s + 15*s. Let w(a) be the second derivative of s + 8*a + a**2 - 1/3*a**3. What is w(6)?
-10
Let i(w) = -1 - w**3 - 2*w - 1 + 2*w**2 + 0*w. Let m(a) = -a**2 - 4*a - 1. Let l be m(-3). Suppose 3*r - l = 4. Calculate i(r).
-6
Let l = -45 - -51. Let r(t) = -7*t + 3*t + l*t - 1. Determine r(4).
7
Let p(r) = -11*r**3 - 14*r**2 + 19*r + 12. Let u(m) = 3*m**3 + 5*m**2 - 6*m - 4. Let b(y) = -2*p(y) - 7*u(y). Give b(5).
-26
Let v(z) = -4*z**3 - 2*z**2 - 10*z + 20. Let t(a) = -a**3 - 2*a + 5. Let h(o) = -9*t(o) + 2*v(o). Give h(5).
10
Let w be 8 + (-7 - 24/32). Let r(d) be the second derivative of -5*d + 0 + 1/3*d**3 + 1/2*d**2 + w*d**4. Calculate r(-1).
2
Let x(s) = 2*s**2 + 21*s - 6. Let m = 31 - 20. Let t(k) = 3*k**2 + 3 + 2*k**2 - m*k - 6*k**2. Let v(g) = 11*t(g) + 6*x(g). Give v(-6).
3
Let h(c) be the third derivative of -c**5/60 - c**2 - 65. What is h(4)?
-16
Let c(x) = x + 3. Let r(u) = -u + 1. Let y(k) = -3*k - 3. Let j(h) = r(h) - y(h). Let z(n) = 5*c(n) - 4*j(n). Calculate z(1).
-4
Let h(p) = -26 + 5*p + 17 - 4*p. Let c be h(11). Let j(r) be the second derivative of -5*r**3/6 + r**2/2 + r. Give j(c).
-9
Let w be 28/20 - ((-85)/(-25) + -4). Let a(c) = -c**3 + c**2 + 4*c - 3. What is a(w)?
1
Let z(u) = -u**3 + 3*u**2 + 2*u + 1. Let q(h) = -28*h**3 + 0*h**2 + 29*h**3 - 6*h**2. Let m be q(6). Suppose m = p - 3 - 0. Calculate z(p).
7
Let c be (-216 - -226)*12/(-5). Let t(s) = s**2 + 22*s - 53. Give t(c).
-5
Suppose -6*u = -u + 25. Let g(r) be the second derivative of -r**4/12 - r**3/2 + 5*r**2/2 + 108*r. Give g(u).
-5
Let d(i) = i**2 + 3*i. Suppose -2*a - 4*p + 4 = 0, 5*p - 8 = -a - 0*p. Let k(q) = -q. Let r(y) = -y + 3. Let z(f) = -4*k(f) + r(f). Let l be z(a). What is d(l)?
0
Let p be (0 + 6/(-9))/(6/(-27)). Let t(c) be the third derivative of -c**2 - 1/12*c**4 + 0 + 0*c**p + 0*c. Calculate t(1).
-2
Let z(s) = -138 - 132 - s**2 + 273 + 5*s. Determine z(4).
7
Let n be 2*8/16 - 3. Let l(f) = f**2 + 5*f - 2. What is l(n)?
-8
Let x(b) = b**2 - 2*b - 1. Let i be 1/(-1) + 1 + -2. Let u be x(i). Let l(t) = t**2 - 7*t**2 - 928 - 5*t + 925 + t**3. Give l(u).
11
Let z(d) = 3 - 3 + 10*d + 1 + 12*d - 23*d. Calculate z(-5).
6
Let p(b) = -8*b**3 + b**2 - b + 1. Suppose 2*k - k - 44 = -4*z, -5*k + 60 = 4*z. Let a = z - 2. Suppose d - i = 1 - 2, -2*i + a = 4*d. What is p(d)?
-7
Let f be (-2)/(-6) + (-52)/(-6). Suppose -20 = 2*b + 10. Let t = f + b. Let o(v) = v**3 + 6*v**2 + 3*v + 5. Calculate o(t).
-13
Let o(w) = 19*w - 1. Let a be (-56)/(-112) + (-6)/4. What is o(a)?
-20
Let v = 76 + -79. Let j(x) = 15*x - 2. Determine j(v).
-47
Let m = 3 - 4. Let x(f) be the second derivative of -2*f**2 - 3*f. Let o(h) = -h. Let w(a) = m*x(a) - 5*o(a). Determine w(-3).
-11
Let x(c) = 9*c**2 - 72*c + 3. Let y(j) = 4*j**2 - 36*j + 1. Let f(m) = 2*x(m) - 5*y(m). Give f(18).
1
Suppose -10*a = 20 + 10. Let b(n) = -26*n + 6. Let f(p) = -2*p + 1 + 0*p - 2*p - p. Let u(l) = -2*b(l) + 11*f(l). What is u(a)?
8
Suppose 11*h - 22 = -0. Let v(l) be the third derivative of 0 + 1/3*l**3 - 1/120*l**6 + 5*l**h + 0*l**5 + 0*l - 1/8*l**4. Calculate v(2).
-12
Let a be ((-5)/2 - 2)*(32 + -30). Let v(p) be the first derivative of p**4/4 + 10*p**3/3 + 5*p**2 + 4*p + 1. What is v(a)?
-5
Let w be (16*2 - (7 + -9)) + 1. Let c(r) = 38*r + 32*r - 102*r + w*r - 1. Suppose p + 0 = 2. What is c(p)?
5
Let x(a) be the first derivative of 19*a**2/2 - 505. What is x(4)?
76
Let a(t) be the second derivative of -t**2 - 1/12*t**4 + 0 - 4*t + 0*t**3. What is a(2)?
-6
Let s(k) = 20*k**2 + 14*k - 14. Let r(v) = 13*v**2 + 9*v - 9. Let u(p) = -8*r(p) + 5*s(p). Suppose -2 = 2*f, -3*g -